ultiple of 35?
True
Is 40216 a multiple of 73?
False
Does 421 divide 877785?
True
Is 50 a factor of 159550?
True
Is 1374285 a multiple of 203?
False
Is 16 a factor of 5934864?
True
Is 10003452 a multiple of 372?
True
Does 16 divide 4445216?
True
Is 45 a factor of 45080?
False
Is 598481 a multiple of 19?
True
Is 6636 a multiple of 28?
True
Is 10 a factor of 720930?
True
Is 820337 a multiple of 60?
False
Is 398865 a multiple of 8?
False
Is 52 a factor of 507104?
True
Does 23 divide 10074598?
True
Does 1029 divide 3694061?
False
Is 32 a factor of 61629?
False
Is 22 a factor of 329318?
True
Is 4 a factor of 2036128?
True
Is 3931331 a multiple of 198?
False
Does 35 divide 10535?
True
Is 771 a factor of 9252?
True
Is 39 a factor of 41848?
False
Is 3 a factor of 178488?
True
Is 540270 a multiple of 621?
True
Is 116 a factor of 689401?
False
Is 51 a factor of 5173746?
True
Does 49 divide 116669?
True
Is 1846104 a multiple of 156?
True
Does 14 divide 110152?
True
Is 34 a factor of 1772256?
False
Does 38 divide 26904?
True
Does 100 divide 12447563?
False
Is 52 a factor of 16769?
False
Is 140 a factor of 19412680?
True
Is 88882 a multiple of 58?
False
Is 23704015 a multiple of 96?
False
Does 91 divide 234234?
True
Is 13 a factor of 619916?
False
Does 18 divide 5685421?
False
Does 312 divide 1475760?
True
Is 6 a factor of 123126?
True
Does 153 divide 163557?
True
Does 44 divide 338932?
True
Is 6 a factor of 330817?
False
Is 9613949 a multiple of 63?
False
Is 13 a factor of 444093?
True
Does 39 divide 1060878?
True
Is 1335 a factor of 118497?
False
Does 19 divide 289980?
False
Is 21 a factor of 452823?
True
Does 5 divide 207215?
True
Is 4 a factor of 986425?
False
Is 737305 a multiple of 504?
False
Is 227204 a multiple of 86?
False
Is 9 a factor of 1002447?
True
Is 3848692 a multiple of 491?
False
Is 1631772 a multiple of 58?
True
Is 15 a factor of 588975?
True
Is 8 a factor of 169760?
True
Does 13 divide 18234?
False
Is 1161193 a multiple of 3?
False
Is 196 a factor of 8280216?
True
Does 25 divide 1383065?
False
Is 28532088 a multiple of 234?
True
Does 52 divide 31380?
False
Does 436 divide 279040?
True
Does 189 divide 1017576?
True
Does 27 divide 19442008?
False
Is 17157 a multiple of 68?
False
Is 4943913 a multiple of 327?
True
Is 589298 a multiple of 108?
False
Is 258076 a multiple of 182?
True
Is 208 a factor of 51062?
False
Does 12 divide 78420?
True
Is 28162 a multiple of 142?
False
Is 219 a factor of 7266201?
True
Does 6 divide 3107346?
True
Does 1082 divide 3958724?
False
Does 724 divide 323628?
True
Is 34 a factor of 387467?
False
Is 409 a factor of 1247050?
False
Does 12 divide 2056056?
True
Does 168 divide 19628?
False
Is 226 a factor of 267698?
False
Is 11 a factor of 244245?
False
Does 14 divide 802508?
True
Is 276 a factor of 331451?
False
Is 88 a factor of 11037?
False
Does 6 divide 288942?
True
Does 92 divide 3844626?
False
Does 13 divide 15938?
True
Is 131760 a multiple of 15?
True
Is 75288 a multiple of 6?
True
Is 59628 a multiple of 4?
True
Is 98890 even?
True
Is 139 a factor of 76311?
True
Is 60 a factor of 367003?
False
Does 516 divide 4827696?
True
Is 17 a factor of 7495368?
True
Is 21 a factor of 246964?
False
Does 3 divide 66643?
False
Is 270 a factor of 213840?
True
Is 340476 a multiple of 180?
False
Is 7 a factor of 114273?
False
Is 46713 a multiple of 3?
True
Is 3210000 a multiple of 33?
False
Is 218400 a multiple of 56?
True
Does 75 divide 589275?
True
Does 195 divide 1139067?
False
Does 388 divide 408126?
False
Does 11 divide 18077258?
False
Does 893 divide 20664020?
True
Is 14 a factor of 289000?
False
Is 79200 a multiple of 480?
True
Does 246 divide 76920?
False
Is 4071 a multiple of 14?
False
Does 12 divide 115716?
True
Does 12 divide 48223?
False
Is 556050 a multiple of 7?
False
Does 542 divide 9466572?
True
Is 119 a factor of 1587103?
True
Is 234002 a multiple of 32?
False
Does 72 divide 384840?
True
Is 840852 a multiple of 62?
False
Does 15 divide 2490?
True
Does 54 divide 15875706?
False
Is 221192 a multiple of 32?
False
Is 15527380 a multiple of 11?
True
Does 259 divide 454469?
False
Does 42 divide 54324?
False
Is 2024000 a multiple of 25?
True
Is 5450361 a multiple of 19?
False
Is 6 a factor of 724337?
False
Is 995152 a multiple of 10?
False
Does 18 divide 166464?
True
Is 62 a factor of 683310?
False
Is 167973 a multiple of 371?
False
Is 155580 a multiple of 60?
True
Is 1245769 a multiple of 126?
False
Does 798 divide 3697932?
True
Is 53 a factor of 2700598?
False
Does 8 divide 179108?
False
Does 252 divide 3180744?
True
Is 3045844 a multiple of 46?
True
Is 40 a factor of 491764?
False
Is 79 a factor of 1393222?
False
Is 611 a factor of 2695732?
True
Does 97 divide 5266762?
False
Is 50949 a multiple of 111?
True
Does 127 divide 186557?
False
Does 569 divide 562627?
False
Is 274 a factor of 1011114?
False
Is 426343 a multiple of 31?
True
Does 15 divide 27400020?
True
Is 16 a factor of 5775527?
False
Is 189253 a multiple of 19?
False
Is 44 a factor of 11778621?
False
Is 142 a factor of 104027?
False
Is 4146274 a multiple of 458?
True
Does 109 divide 4340053?
True
Does 15 divide 1516710?
True
Does 198 divide 3057516?
True
Is 2530227 a multiple of 1491?
True
Is 551019 a multiple of 57?
True
Does 37 divide 443346?
False
Is 28 a factor of 59808?
True
Does 994 divide 5659836?
True
Is 4679324 a multiple of 26?
True
Is 11 a factor of 3834612?
False
Is 20482 a multiple of 49?
True
Does 10 divide 343960?
True
Does 26 divide 4667520?
True
Does 318 divide 37864?
False
Does 68 divide 129948?
True
Is 17 a factor of 1383655?
False
Does 6 divide 14195?
False
Does 147 divide 1812587?
False
Is 824 a factor of 2308576?
False
Is 5573 a multiple of 2?
False
Does 18 divide 929052?
True
Is 14 a factor of 271306?
True
Does 20 divide 253260?
True
Is 827406 a multiple of 3?
True
Does 518 divide 16064086?
False
Is 332 a factor of 2550424?
True
Does 434 divide 1306942?
False
Does 28 divide 940989?
False
Does 38 divide 75354?
True
Is 94795 a multiple of 161?
False
Is 130 a factor of 751010?
True
Is 108810 a multiple of 90?
True
Is 4571614 a multiple of 42?
False
Is 1490247 a multiple of 33?
True
Is 101383 a multiple of 68?
False
Is 27615 a multiple of 7?
True
Is 2518431 a multiple of 57?
True
Does 228 divide 615404?
False
Is 52 a factor of 1423889?
False
Does 508 divide 7755463?
False
Does 56 divide 319323?
False
Is 33 a factor of 155364?
True
Is 1189 a factor of 4091843?
False
Does 75 divide 193327?
False
Is 202317 a multiple of 102?
False
Does 14 divide 738759?
False
Is 56540 a multiple of 220?
True
Does 654 divide 3222111?
False
Does 25 divide 13675?
True
Is 403 a factor of 16610048?
True
Is 110605 a multiple of 11?
True
Does 327 divide 8801742?
False
Is 1308 a multiple of 4?
True
Does 682 divide 275528?
True
Is 664785 a multiple of 17?
True
Is 642 a factor of 2376811?
False
Is 11 a factor of 226247?
False
Does 16 divide 23409152?
True
Is 75372 a multiple of 11?
True
Does 561 divide 272085?
True
Is 122490 a multiple of 237?
False
Does 648 divide 9837936?
True
Does 2 divide 182033?
False
Does 100 divide 926300?
True
Is 613 a factor of 661609?
False
Does 7 divide 277725?
True
Is 302 a factor of 894955?
False
Is 53217 a multiple of 8?
False
Is 68 a factor of 176868?
True
Is 102648 a multiple of 78?
True
Does 170 divide 615704?
False
Is 23 a factor of 490256?
False
Is 2 a factor of 49754?
True
Does 14 divide 1339784?
False
Is 144 a factor of 2937600?
True
Is 56 a factor of 1584592?
False
Is 370656 a multiple of 132?
True
Is 807755 a multiple of 559?
True
Is 11 a factor of 180885?
False
Is 76289 a multiple of 244?
False
Is 25 a factor of 41050?
True
Is 243 a factor of 517590?
True
Does 1157 divide 772876?
True
Does 121 divide 212960?
True
Is 4217976 a multiple of 505?
False
Is 995 a factor of 11584785?
True
Is 6883110 a multiple of 370?
True
Does 10 divide 24770?
True
Does 99 divide 3648348?
True
Is 591649 a multiple of 9?
False
Is 336 a factor of 212688?
True
Is 900 a multiple of 90?
True
Does 18 divide 43398?
True
Is 55 a factor of 361133?
False
Is 14 a factor of 2039532?
False
Is 11 a factor of 40286?
False
Does 101 divide 241975?
False
Is 17 a factor of 179197?
True
Does 4 divide 77211?
False
Does 14 divide 8206842?
True
Does 655 divide 122